 - 1) - -14?
7
Calculate 6 + -9 + (6 - 5) + 6.
4
Calculate 2 + (-9 - (-7 - -1)).
-1
Calculate -4 - (6 - 3 - 2).
-5
What is (-7 - -1) + 0 + 1 - -3?
-2
Evaluate -11 + 10 + 0 + 6.
5
Evaluate -2 + -3 + 9 + (-5 - -3).
2
-8 + 18 + (-7 + 1 - -3)
7
Calculate (-5 - -2) + 3 + 4 - 1.
3
1 + (7 - (-5 - -2 - -15))
-4
What is (9 - 9) + (0 - 2)?
-2
Evaluate 0 - (-4 - (6 + -6)) - -1.
5
Calculate -3 + -2 - (-12 + (-9 - -13)).
3
-3 + -7 - (-8 - -2)
-4
What is the value of (5 - -3) + (-3 - 0)?
5
7 + -4 + -5 + -2
-4
4 + (4 + 0 - 5) + 2
5
Calculate -2 + (0 - 2 - (2 - 3)).
-3
Evaluate -4 + -10 + (19 - 9).
-4
Evaluate -2 - -3 - (3 - 3).
1
Evaluate -225 + 219 - (2 + (1 - 10)).
1
Evaluate -1 + -1 - 3 - (-11 + 11).
-5
What is the value of -11 - 2 - (-37 - -16)?
8
Calculate -14 + 13 - (-2 + -1 + -1).
3
What is the value of (3 - 0) + (4 - 7)?
0
What is the value of -4 + (9 - 5) - -1?
1
Evaluate -2 + 0 + 4 + -2 - 3.
-3
Calculate 3 - (7 + -1 + -27 + 24).
0
What is (3 - 1) + -4 + 2?
0
0 + -9 + 2 + 4
-3
0 - (-5 - -1) - (-121 + 123)
2
What is 2 - (-1 - (3 - (1 - -2)))?
3
What is 5 + -13 + (4 - (-2 + 2))?
-4
(5 - 5) + -1 + -3
-4
What is the value of 4 + -2 + 3 + (-3 - -2)?
4
What is (0 - ((2 - -7) + -1)) + 3?
-5
What is the value of (-1 - -14) + 44 + -51?
6
What is 6 - (-4 - (1 + -12))?
-1
-6 - (-10 - (-5 + 0))
-1
What is -8 - -5 - (-2 - 3)?
2
Evaluate 12 + -4 - (6 - (-7 - -6)).
1
Evaluate 6 - 3 - 5 - 2.
-4
Calculate (-8 - 1) + 12 + -9 - -4.
-2
-2 + 2 + (6 - 4)
2
What is the value of -3 - -6 - (8 - 7)?
2
What is the value of 4 + 1 + -5 + -4 + 9?
5
Evaluate 5 + -10 - -9 - 6.
-2
What is 79 + -85 - (-14 - 0)?
8
What is the value of (-1 - -2) + 0 + -8 + 9?
2
What is the value of 0 + 9 + (-64 - -59)?
4
Calculate 13 + 3 + (-18 - -7).
5
-2 + (-2 - (2 - 6)) + -2
-2
3 + (-5 - (-1 - (5 - 1)))
3
(-4 - (-4 - -4)) + (-8 - -16)
4
Evaluate (-10 - (5 - 5)) + 4 - -2.
-4
What is the value of -7 + 9 + 4 + (-8 - -2)?
0
Calculate (-1 - 2 - -7) + 1 + 0.
5
Calculate 1 - (4 - 2 - -1) - 0.
-2
Calculate (-5 - (6 - 6)) + -1.
-6
What is 7 + -11 + 11 - 16?
-9
2 + (10 - 6 - 3 - 0)
3
Calculate 56 - 64 - (-1 + (-3 - -1)).
-5
Evaluate -1 - (-6 - -12 - 7 - -5).
-5
What is the value of -3 + 2 - (1 + 0)?
-2
Calculate 5 - (6 - 8) - 5.
2
-3 + (1 - 3 - (-4 - -3))
-4
Evaluate -1 - ((1 - (1 + -1)) + -4).
2
What is the value of 3 + 7 - (34 + -30)?
6
What is 5 + -5 + -3 + 5 - 6?
-4
What is 5 + 5 + -3 - 10?
-3
(-3 - -3) + (0 - -1)
1
12 + 6 + -6 - 10
2
Evaluate (8 - (7 + -1)) + -5.
-3
What is -3 + 7 + 0 - 7?
-3
What is -5 - (44 - 44 - (1 + 6))?
2
What is -3 + (-2 - -7 - -1) - 4?
-1
What is 1 + 4 + -11 - -1 - -5?
0
What is -3 - ((-2 - 0) + 2) - 0?
-3
Evaluate (0 - -6) + -37 + 28.
-3
Evaluate (-2 - (-5 + 1)) + -1 + -1.
0
What is -10 - -4 - (-2 - 2)?
-2
Calculate 1 + (-2 + -1 - (0 + 3)).
-5
4 + (10 - -4 - 10)
8
Evaluate 4 + 1 + -1 + (18 - 25).
-3
What is the value of 5 - (1 + -2 - -3)?
3
What is (-2 - -4) + 4 + -3?
3
What is the value of 8 - (0 - (1 - 2 - 4))?
3
What is the value of 2 - (6 + (0 - (2 + 4)))?
2
(-5 + -1 - -12) + -12
-6
What is (5 - 5 - 0) + 1 + 1?
2
(-34 - -30) + -1 + 0
-5
Evaluate -1 + (8 - (-2 - -3)).
6
What is the value of -9 - (-6 + -1) - -8?
6
What is -2 + -1 - (4 - 8)?
1
Evaluate 0 + -5 + -4 - (-6 - 0).
-3
What is the value of 3 - (-1 + 4 + -5 + 0)?
5
What is the value of (-3 - (1 - 5) - 3) + 0?
-2
What is the value of (0 - (2 + -1)) + 1 + -1?
-1
What is 2 + 8 + (1 - 6)?
5
Evaluate 9 + -6 - (3 - (3 - 1)).
2
-1 - 2 - (-3 + -1)
1
Calculate 3 + (1 - (6 + 6)).
-8
5 + -1 - (-6 - (0 + -5))
5
(0 + -14 - -5) + 4
-5
What is -14 + 11 - (-1 + -2)?
0
3 - (14 - 7) - (-3 + -1)
0
What is 2 + -5 - -1 - (-5 + -1)?
4
Calculate 0 + -1 - 1 - -5 - 0.
3
What is the value of 1 - -3 - (-83 + 83)?
4
Calculate (4 + 4 - 9) + 1 + 0.
0
Evaluate (4 - 3) + (-1 - (-2 + 0)).
2
Evaluate 1 - (4 - 2) - (-1 + -3).
3
1 - (2 + (-3 + 4 - 0))
-2
0 - (3 - (3 - (1 + 1)))
-2
Calculate -13 - 1 - (-49 + 38).
-3
What is the value of 8 + (-3 - (2 - (2 - 0)))?
5
4 + -8 - (-3 - 1)
0
What is -2 - (0 + (1 - 6))?
3
Calculate 3 + -5 + -11 + 7.
-6
What is (1 - 1) + -12 + 2 + 7?
-3
What is 2 + -2 + 3 + (-7 - -9)?
5
What is the value of 5 - (1 + 10 + -5)?
-1
Evaluate -5 + 5 - (-20 + 27).
-7
What is 8 + -15 + 8 + -9?
-8
27 - 27 - (3 + 1)
-4
Calculate 0 + 2 + (-6 - -12) + -13.
-5
What is the value of 31 - 32 - (-2 - (1 + -2))?
0
What is -110 + 101 + (5 - 0)?
-4
What is the value of 3 + -7 + 7 + -4?
-1
Calculate (2 - (-1 - -2) - 0) + -3.
-2
Calculate 20 - 2 - 9 - 13.
-4
What is the value of -2 + -8 - (-28 + 19)?
-1
What is the value of -3 - (10 + (-20 - 2))?
9
-1 + -8 + 1 + 1 - -2
-5
Evaluate 3 + -3 - (-7 - -8 - -4).
-5
4 - 2 - -1 - (-1 + 5)
-1
4 - -1 - 4 - (-20 - -14)
7
-6 - (34 + -43 - (-2 - 1))
0
Calculate -2 + 1 - (-2 + 0 + 8).
-7
What is 37 - 37 - (1 - 3)?
2
-3 + (3 + 1 - 5)
-4
Calculate -5 - (4 - (10 - -2)).
3
Evaluate -2 - (-7 - -7 - 5) - 5.
-2
-13 + -1 - (20 - 20 - 7)
-7
Evaluate -21 + 6 + 10 - (1 + -6).
0
Evaluate 9 + (2 - 5) + -4.
2
Calculate 6 - (-7 + 9 + 4).
0
What is the value of 2 + -4 + 2 + 0 + 4?
4
Calculate -6 + 6 + (-4 - 0).
-4
Evaluate 1 + -11 + 3 - (4 + -7).
-4
What is 5 + (-1 - 3) + 1 + 1?
3
Calculate 3 - (-4 + (3 - (1 + 1))).
6
1 + -2 + (-2 - 5) + 6
-2
What is (13 - 9) + -11 + 7?
0
What is the value of 2 - (-2 + (-7 + 3 - -8))?
0
Evaluate 2 + 1 + (0 - -1).
4
What is the value of 2 + -25 + 5 + 10?
-8
Calculate 6 - (-10 + 2 - -11).
3
Calculate -8 + 1 + 2 + 18 + -18.
-5
Calculate 0 - (-2 + 6 - 3).
-1
What is the value of (3 - (3 - 2)) + 1?
3
Calculate 0 + -11 - (2 - 5) - -3.
-5
Calculate 8 + (6 - 1 - 8).
5
Calculate -9 - -5 - (-4 + (4 - 5)).
1
What is the value of -2 + (-3 - -7) - 2?
0
What is 14 + (9 + -15 - 4)?
4
Calculate (-6 - -18 - 4) + -7.
1
Calculate 0 + 3 - (1 - 0).
2
What is -14 - (-7 - (-3 + 16))?
6
What is -1 - (2 - -3) - -3 - -8?
5
What is the value of (-1 - -7) + -3 - (-4 - -10)?
-3
What is -1 + (5 + -1 - 1) + 1?
3
What is -81 - -75 - (1 - -1)?
-8
7 - (-1 + 1 + 4) - -2
5
Evaluate (4 - 1) + (-9 - -1) + 3.
-2
Calculate 3 - (-8 + (9 - -6)).
-4
What is the value of 1 + (3 - 3) + 0 + 0?
1
3 + (0 - 4) + -4 + -1
-6
What is 0 - 1 - -3 - (-8 - -9)?
1
What is the value of 4 - 3 - 2 - (-3 + -3)?
5
(2 + -6 - -4 - -4) + -4
0
Evaluate -1 + -3 + 1 + -4 + 10.
3
Calculate -21 - -19 - (2 + -1).
-3
(-2 - 5) + 1 + 8 + -1
1
Evaluate 0 + -1 + 4 + 2 + -3.
2
Calculate -6 - (3 + -9 + -5).
5
What is -22 + (7 - -3) + 9?
-3
What is the value of 3 - (5 + (-1 + -4 - 1))?
4
What is (9 - (4 + -11)) + -9?
7
What is the value of (2 - 8) + 3 + -1 + 8?
4
-2 + 10 + (2 - (12 + -7))
5
What is -22 + 28 + -2 + (1 - 1)?
4
2 - (-2 - (-1 + 1 - 3))
1
Evaluate (1 - -6) + -4 - (-5 + 3).
5
Calculate (0 - 1) + (2 - 3).
-2
What is -1 + 0 - (-1 + (0 - -3))?
-3
Calculate -4 + -9 + 30 + -11.
6
What is 2 - (-1 + (2 - (1 + -3)))?
-1
-3 + (2 - 1) + 75 + -73
0
What is the value of (0 - (-2 + -3)) + -2?
3
Calculate 0 - ((-2 - -1) + -1 + 2).
0
What is the value of (-8 - -2) + (6 - (-1 - -5))?
-4
Calculate -23 + 17 - (0 - -1).
-7
Calculate -3 - (0 - 3) - -4.
4
Calculate -3 + (2 - 2) - (-8 - -4).
1
What is the value of -5 + (2 - -3 - 3) + 2?
-1
What is the value of 82 + -80 + 1 + -1 + -6?
-4
What is the value of 3 + 3 + (1 - 6)?
1
Calculate -4 + -1 + 0 + 3.
-2
What is -7 + 3 + (-3 - -4)?
-3
What is the value of -2 + -4 - (-4 - -3 - 6)?
1
Calculate -5 + 0 + 4 - -3.
2
What is the value of (5 - 2) + (1 - 4) + 1?
1
Evaluate 9 - (5 - -2) - -5.
7
-2 + 0 + 2 + -2 + -1
-3
Calculate (4 + -5 - -1) + 5.
5
What is 5 - 5 - -7 - 6?
1
Calculate -3 + 2 + -3 + -1.
-5
What is 3 + -2 - (2 + 0 + -5)?
4
What is the value of 33 - 33 - (-3 - 1)?
4
Calculate 3 - (4 + -18) - 12.
5
Calculate (5 + 5 - 4) + -3 + 0.
3
Evaluate -5 + (8 + -2 - (-7 + 9)).
-1
What is 0 + (-3 + -1 - -7) + 0?
3
1 + (4 + -10 - -7) + 4
6
What is (18 - (-3 + 11)) + -2?
8
Evaluate (0 - -4) + -8 + (-8 - -7).
-5
What is the value of -1 - -7 - (-4 - (4 - 11))?
3
What is (-7 - -14) + -15 - -4?
-4
What is the value of (-7 + 4 - -8) + -8?
-3
Evaluate -16 + 17 - (-2 - (-1 - 3)).
-1
What is -3 + 0 + (-7 - (-11 - -3))?
-2
Calculate (3 - 2) + (-37 - -35).
-1
What is the value of 2 + (1 - (-4 - -6)) + -1?
0
Calculate -3 + -1 + 4 + -4 + 2.
-2
Evaluate -1 + -2 - ((3 - 3) + -5).
2
(-1 - (-3 - -8)) + 0 + 1
-5
Evaluate 2 - (2 + -9 + 4).
5
Evaluate 2 + (-4 -